{"id":16934,"date":"2022-07-28T10:03:52","date_gmt":"2022-07-28T10:03:52","guid":{"rendered":"https:\/\/valorsempre.com\/casadabaia\/room\/sea-turtle\/"},"modified":"2024-08-01T15:03:38","modified_gmt":"2024-08-01T15:03:38","slug":"sea-turtle","status":"publish","type":"room","link":"https:\/\/casadabaia.com\/fr\/room\/sea-turtle\/","title":{"rendered":"Sea Turtle"},"content":{"rendered":"\n<p><\/p>\n\n\n\n<p><\/p>\n","protected":false},"excerpt":{"rendered":"<p>Au milieu du premier \u00e9tage de la Casa da Ba\u00eda, nous trouvons la chambre double, \u00e9quip\u00e9e d&rsquo;un lit double, et un petit coin pr\u00e8s de la fen\u00eatre donnant sur le port de Horta. Cette chambre est \u00e9quip\u00e9e d&rsquo;une salle de bain priv\u00e9e. <\/p>\n","protected":false},"author":1,"featured_media":16683,"template":"","meta":[],"room_category":[],"room_tag":[],"_links":{"self":[{"href":"https:\/\/casadabaia.com\/fr\/wp-json\/wp\/v2\/room\/16934"}],"collection":[{"href":"https:\/\/casadabaia.com\/fr\/wp-json\/wp\/v2\/room"}],"about":[{"href":"https:\/\/casadabaia.com\/fr\/wp-json\/wp\/v2\/types\/room"}],"author":[{"embeddable":true,"href":"https:\/\/casadabaia.com\/fr\/wp-json\/wp\/v2\/users\/1"}],"version-history":[{"count":3,"href":"https:\/\/casadabaia.com\/fr\/wp-json\/wp\/v2\/room\/16934\/revisions"}],"predecessor-version":[{"id":17693,"href":"https:\/\/casadabaia.com\/fr\/wp-json\/wp\/v2\/room\/16934\/revisions\/17693"}],"wp:featuredmedia":[{"embeddable":true,"href":"https:\/\/casadabaia.com\/fr\/wp-json\/wp\/v2\/media\/16683"}],"wp:attachment":[{"href":"https:\/\/casadabaia.com\/fr\/wp-json\/wp\/v2\/media?parent=16934"}],"wp:term":[{"taxonomy":"room_category","embeddable":true,"href":"https:\/\/casadabaia.com\/fr\/wp-json\/wp\/v2\/room_category?post=16934"},{"taxonomy":"room_tag","embeddable":true,"href":"https:\/\/casadabaia.com\/fr\/wp-json\/wp\/v2\/room_tag?post=16934"}],"curies":[{"name":"wp","href":"https:\/\/api.w.org\/{rel}","templated":true}]}}

<p>Au milieu du premier étage de la Casa da Baía, nous trouvons la chambre double, équipée d&rsquo;un lit double, et un petit coin près de la fenêtre donnant sur le port de Horta. Cette chambre est équipée d&rsquo;une salle de bain privée. </p>
